. Let h(d) = d**2 - 6*d - 8. What is h(q)?
-8
Let d(v) be the first derivative of v**3/3 + 7*v**2/2 + v - 1. Suppose 187*j - 190*j - 6 = 0, 5*j - 11 = 3*n. Calculate d(n).
1
Let c(w) = -w**3 - 9*w**2 - 8*w - 3. Let d be c(-8). Let k(i) be the first derivative of -3 + 2*i - i**3 + 1/2*i**2 - 1/4*i**4. What is k(d)?
-1
Let z(q) = q**3 - q**2 + 2. Suppose 0*g + 4*g - 38 = -5*v, -15 = -g - 4*v. Suppose -3*w - 22 = -4*i, 2*w = 4*i + w - 18. Suppose -i*f = g - 15. Give z(f).
6
Suppose 5*q - 13 = -4*o, 4*q + 5*o - 12 = -7. Let m(k) be the third derivative of 1/60*k**q + 0*k - 7/24*k**4 + 3*k**2 + 0 + 4/3*k**3. What is m(7)?
8
Let o(n) be the third derivative of n**4/8 + 4*n**3/3 + 9*n**2 - 9*n. Calculate o(-5).
-7
Let y be (2/6)/((-2)/(-12)). Let z(g) = -1 + 0*g + 2*g + g**2 + 0*g + g**y. Give z(1).
3
Let g(c) = c**3 - 9*c**2 + 6*c + 7. Let r be 1/(20/32*1/5). Let m be g(r). Let h(j) = -j**3 - 10*j**2 - 8*j - 5. Calculate h(m).
-14
Let q(m) = 7*m - 2. Let d(w) = w + 1. Let v = 8 + -7. Let p be d(v). Determine q(p).
12
Let h = -9 - -17. Suppose -w = -h + 2. Let t(p) be the third derivative of p**4/8 - 3*p**3/2 - p**2 + 103*p - 2. Calculate t(w).
9
Let l(x) be the second derivative of -x**5/20 + x**4/12 + x**3/6 - x**2/2 - 7*x - 90. Let j = 1 + 2. Determine l(j).
-16
Let x be 5*(9/(-3) - -5). Suppose x = 3*f + 7. Let p(z) = -6*z**3 - z**2 + 1. Determine p(f).
-6
Let c(j) = j**3 - 4 + 5 - j - 2 + 3*j**2. Suppose -i = 942*r - 938*r + 8, 3 = -3*r. Determine c(i).
-13
Let a(o) = o + 2 - 3 - 7 - 2*o. What is a(-6)?
-2
Let u(b) = b**3 - 5*b**2 + 4*b - 6. Let y(p) = -p**3 + 8*p**2 + 12*p - 22. Let r be (-16 - -19)*(4 - 1). Let h be y(r). Give u(h).
14
Let g(m) = -2*m - 19. Let p(o) = -12*o - 19*o - 10 + 30*o. Let r(c) = -6*g(c) + 11*p(c). Give r(-6).
-2
Suppose -1 - 5 = -2*r. Let f be -60 - (-5 + r) - -3. Let c be 10/f - 26/(-22). Let j(y) = 5*y. Give j(c).
5
Let h(q) = -5*q**2 + 17*q. Let n(s) = 2*s**2 + 7*s. Let z(o) = -7*o**2 - 27*o. Let u(m) = -22*n(m) - 6*z(m). Let j(k) = -3*h(k) + 7*u(k). Calculate j(-6).
6
Let k(w) = -2*w + 5. Let c(a) = -2*a + 4. Let f(u) = -5*c(u) + 4*k(u). Calculate f(-6).
-12
Let b be 14/4 + 5/(-10). Suppose 0 = 3*f + 3*x - 27, -4*f + 7*x - b*x = -12. Let g(c) = c**2 - 8*c. Determine g(f).
-12
Suppose -4*r = -3*h - 7*r + 384, 4*h = -3*r + 511. Let u = h + -130. Let t(d) = -d**2 - d + 1. Give t(u).
-5
Let r(p) = -p**3 + p - 55. Let v(t) = 4*t - 76. Let w be v(19). Calculate r(w).
-55
Let f(i) be the first derivative of i**3/3 - 3*i**2 + i - 40. Give f(4).
-7
Let o be (4 - 11)*(-1)/1. Let b(z) = z**3 - 7*z**2 - 4*z + 13. What is b(o)?
-15
Let y(z) be the third derivative of z**6/120 + z**5/10 - z**4/3 - z**3 + 132*z**2. Determine y(-7).
1
Let t = -3 - -1. Let k(b) = 5*b**2 + 5*b + 16. Let h(j) = -j**2 - j - 3. Let u(s) = t*k(s) - 11*h(s). Calculate u(2).
7
Let u(f) be the first derivative of f**4/4 - 15*f - 61. Calculate u(0).
-15
Let t(z) be the first derivative of z**5/120 + z**4/24 + 13*z**3/3 + 12. Let a(p) be the third derivative of t(p). Calculate a(-4).
-3
Let r(c) = -c**3 + 5*c**2 + 9*c - 9. Let b = -61 - -67. Suppose -x = -0*x - b. Determine r(x).
9
Let p = 489 + -497. Let y(f) = -f**3 - 9*f**2 - 8*f - 2. Calculate y(p).
-2
Let y = 12 - -36. Let j = 42 - y. Let b(i) be the first derivative of i**4/4 + 7*i**3/3 + 3*i**2 - 6*i - 1. What is b(j)?
-6
Let j(p) = -p**2 - 5*p - 2. Let d(i) = i - 14. Let n be d(16). Suppose -n*w + 7 = -31. Suppose 14*g - 20 = w*g. Calculate j(g).
2
Let c(k) = 2*k**3 + 5*k**2 + 6*k + 7. Let d(g) be the second derivative of -g**5/20 - g**2/2 + 18*g. Let l(t) = -c(t) - 3*d(t). Give l(6).
-4
Let c(w) = w**2 + w + 1. Let i(h) be the first derivative of 2*h**3 + 3*h**2 + h + 29. Let v(a) = 5*c(a) - i(a). Give v(-5).
-16
Let c = -9 + 16. Let m(q) = -5*q**3 - q + 2. Let o(z) = -6*z**3 - z + 2. Let b(g) = c*m(g) - 6*o(g). Suppose 2*a = a. Give b(a).
2
Let b(s) = s**2 + 6*s + 6. Let j be b(-6). Let n = -2 + j. Suppose 8 = -n*u + 24. Let r(p) = -p**3 + 4*p**2 + 2*p - 2. What is r(u)?
6
Let b(z) = z**2 + 2*z - 3. Suppose 5 = -3*k + 8*k. Let l be -21 + 5 + -1 + k. Let m = 12 + l. Calculate b(m).
5
Suppose -12 = -100*j + 103*j. Let a(u) = u - 4. Give a(j).
-8
Let w(i) = 338*i - 168*i - 171*i - 1 + 2. Calculate w(-3).
4
Let s = 181 - 174. Let k(i) = s*i**2 - 11*i**2 + 7*i**2 - 2*i**2. Let x be 0 + 0 + -1 + -1. Determine k(x).
4
Suppose -9*w + 32 = -w. Suppose -w*z = z. Let k(c) = c + 19. What is k(z)?
19
Let m(z) = z - 1. Let v be m(-2). Let a(g) = -6*g - 16. Determine a(v).
2
Let i(a) = a**2 + 4*a - 3. Let w be i(1). Let d(c) = -2 + 61*c + 11 - 52*c + c**w. Determine d(-8).
1
Let j = -18 + 12. Let t(h) be the second derivative of h**4/12 + 5*h**3/6 - 3*h**2 + 19*h. Calculate t(j).
0
Let l be 4 - (-5)/((-15)/6). Let w(r) = -r**l + 0*r + r - 7*r + 0 + 1. What is w(-5)?
6
Let u(i) = -4*i**3 + 20*i**2 - 7 - 13*i**2 + 3*i**3. Give u(7).
-7
Let r(u) = 4*u**3 - 11*u**2 - 8*u - 5. Let v(l) = 9*l**3 - 23*l**2 - 16*l - 9. Let q(d) = -7*r(d) + 3*v(d). Calculate q(9).
-1
Let x(r) = -r**2 + 7*r - 10. Suppose 5*g = 164*n - 166*n + 30, -47 = -4*g + 3*n. What is x(g)?
-18
Let y(f) = -4 + 6 - f + 0*f + 1. Let o(a) = 2*a**2 - 8*a - 4. Let c be o(3). Calculate y(c).
13
Let r(w) = w**3 - 3*w**2 + 2*w + 2. Let g = -101 + 103. Calculate r(g).
2
Let o be 22/8 + (-24)/32. Let v(t) = -t**o - t**3 - t**3 + 2 + t**3. Suppose 15*k = -9 - 21. Give v(k).
6
Suppose v - 2*v = t + 10, t = v - 14. Let i = t + 17. Suppose 0*d = i*m - 2*d - 18, 0 = -5*m - 5*d - 10. Let c(s) = s**2 - s + 2. Calculate c(m).
4
Let c(r) be the third derivative of -r**5/60 + 11*r**4/24 + 11*r**3/2 - 87*r**2 + 2. Determine c(15).
-27
Let g(k) be the first derivative of -k**3/3 + 9*k**2/2 + 4*k - 5476. Suppose -3*z - 3 = 0, l - 2*z = 3*l - 12. What is g(l)?
18
Let h(i) be the second derivative of -i**7/420 + i**6/90 - i**5/60 - 3*i**3/2 + 8*i. Let s(m) be the second derivative of h(m). Calculate s(2).
-4
Let k(o) = -2*o + 1. Let t = -173 - -179. Suppose 2*i - 3*c = 6, c = 2*c - 2. Suppose 2*g + t = -i. What is k(g)?
13
Let z(u) = 35*u**2 - 20*u - 21. Let h(m) = -8*m**2 + 5*m + 5. Let t(c) = 26*h(c) + 6*z(c). Give t(-5).
4
Let v be 20/6*(-117)/(-26). Let z(o) = o - 21. Calculate z(v).
-6
Let q(x) be the third derivative of x**4/6 - x**3/3 - 398*x**2. Give q(6).
22
Let v(x) be the third derivative of -x**7/504 + x**5/120 + 19*x**4/12 + 32*x**2. Let i(t) be the second derivative of v(t). Calculate i(-1).
-4
Let c = -24 - -36. Let w(h) = 0 - 7 + 2 - h + c. Give w(5).
2
Let a be ((-6)/10)/((-6)/30). Let g(q) = 2*q - 1 + 0 + a + 2. Give g(3).
10
Let a(k) be the second derivative of -k**4/12 + 3*k**3/2 + 13*k**2/2 - 3*k. Let r be a(10). Let g(t) = t - 2*t**3 + 0*t**3 - r + 5*t - 2*t. What is g(2)?
-11
Let s(q) = -22 - 3*q + 20 + q**2 + 4*q. Let l = -9 + 7. Determine s(l).
0
Suppose -3*h = 2*h + 10, 24 = 4*m - 4*h. Let o(q) be the third derivative of 0 - 1/3*q**3 - q**2 - 1/6*q**m + 0*q. Calculate o(2).
-10
Let d(t) = 21 + 4*t + 13 + 25 - 52. Calculate d(-8).
-25
Suppose 18 - 28 = -5*x. Let s(t) be the third derivative of 0 - 1/6*t**3 + 0*t - 7/24*t**4 + t**x. Calculate s(-1).
6
Let u be (-91)/56 + 63/(-168). Let i(g) = 5*g**2 + 4*g + 3. Determine i(u).
15
Let i(m) = -m**2 + 3*m + 4. Suppose 18 - 3 = -5*f, 3*w - 12 = -f. Let q be (-2 - (-21)/9)*-6. Let h = w + q. Give i(h).
4
Let b be 8 + 8/(-120) + 104/(-15). Let o(y) = -y**2 + 3*y - 4. Give o(b).
-2
Let b = 1151 - 1148. Let k(h) be the second derivative of 0 + h + 1/3*h**b + h**2. Calculate k(-3).
-4
Suppose 15*g - 17*g = -4. Let t(l) be the third derivative of 1/6*l**3 - 1/15*l**5 + 0 + 0*l + 5*l**g + 0*l**4. Calculate t(1).
-3
Let m be (-8)/76 + 119/(-133). Let r(v) = -12*v**3 - 1. Calculate r(m).
11
Let z be (-9)/15 + (-66)/(-10). Let m be (z*-1)/(0 + 1). Let s(n) = n**3 + 5*n**2 - 6*n - 2. What is s(m)?
-2
Let k(u) = 2 - u**3 - 4*u + 0*u - 57*u**2 + 51*u**2. Calculate k(-4).
-14
Let g = 35 - 34. Let y(p) = 10*p**2 - 2*p. Let i be y(g). Let z(u) = -2*u + 10. What is z(i)?
-6
Let q(r) be the second derivative of -r**4/12 + r**3 + 9*r**2/2 - 261*r. What is q(5)?
14
Let x(s) = 3*s + 37. Let p be x(-11). Let b(g) = -g**3 + 5*g**2 - 3*g - 5. What is b(p)?
-1
Suppose -23 + 8 = -g. Let h = -15 + g. Suppose h = -n - n + 12. Let